12 a multiple of 1950?
False
Is 14 a factor of 71396220?
True
Does 276 divide 275722102?
False
Does 691 divide 290861248?
True
Is 317060264 a multiple of 9?
False
Is 12 a factor of 65877205?
False
Does 10 divide 19516690?
True
Is 426826440 a multiple of 3195?
True
Does 2428 divide 2591392260?
True
Is 34064420 a multiple of 370?
True
Is 119208411 a multiple of 7?
True
Is 8242 a factor of 2129947092?
True
Is 6 a factor of 317522656?
False
Is 172 a factor of 26204372?
True
Is 16 a factor of 17737835?
False
Does 7 divide 20875246?
True
Does 146 divide 2824805664?
True
Is 29506898 a multiple of 1858?
True
Is 385717 even?
False
Does 7 divide 727558692?
True
Is 1608 a factor of 2923919664?
True
Does 1614 divide 72427803?
False
Is 64399762 a multiple of 859?
False
Is 751 a factor of 855115207?
False
Is 93199137 a multiple of 68?
False
Is 193944940 a multiple of 28?
True
Is 147 a factor of 83391336?
True
Does 4 divide 1024250?
False
Is 817 a factor of 33459853?
False
Is 28 a factor of 40328555?
False
Does 649 divide 8686746?
False
Is 174787548 a multiple of 52?
True
Is 23 a factor of 662618?
False
Is 252135400 a multiple of 12?
False
Does 287 divide 252769221?
False
Is 441522281 a multiple of 43?
False
Does 3990 divide 112653660?
True
Does 11891 divide 823023674?
True
Is 515783552 a multiple of 16?
True
Is 1843490466 a multiple of 559?
False
Is 83038781 a multiple of 16?
False
Is 553051175 a multiple of 602?
False
Is 2063307356 a multiple of 817?
True
Is 25906538 a multiple of 5?
False
Is 18218435 a multiple of 95?
True
Is 12 a factor of 11423345?
False
Is 236477255 even?
False
Does 27 divide 17735166?
True
Is 124008957 a multiple of 97?
False
Does 2096 divide 70855280?
True
Does 5 divide 43833380?
True
Does 5 divide 249544740?
True
Does 28 divide 13059424?
True
Does 29 divide 22294077?
False
Is 121832039 a multiple of 396?
False
Does 47 divide 85404153?
False
Is 723573 a multiple of 81?
True
Is 408 a factor of 16945872?
True
Does 2 divide 91252606?
True
Does 2961 divide 696986829?
True
Is 241 a factor of 119548333?
False
Is 51107865 a multiple of 2537?
True
Does 1207 divide 116896743?
True
Does 135 divide 89269425?
True
Is 76 a factor of 43715732?
True
Is 3269 a factor of 1941125534?
False
Is 105756774 a multiple of 498?
True
Is 8 a factor of 112288448?
True
Is 1004 a factor of 2160051263?
False
Does 10 divide 24140710?
True
Is 1972225 even?
False
Is 14 a factor of 19902577?
False
Does 891 divide 129165819?
False
Does 1449 divide 194876032?
False
Is 287 a factor of 636208272?
False
Does 4 divide 1970044?
True
Is 1656351165 a multiple of 35?
True
Is 84784112 a multiple of 8?
True
Is 107 a factor of 10379969?
False
Is 316072889 a multiple of 13817?
False
Does 7 divide 680273195?
True
Is 78 a factor of 960643944?
True
Is 1476207258 a multiple of 118?
True
Does 11649 divide 3000842080?
False
Is 42776151 a multiple of 5?
False
Does 208 divide 335066557?
False
Is 133543773 a multiple of 2615?
False
Is 1473 a factor of 1870710?
True
Is 801 a factor of 89806518?
True
Does 351 divide 812888301?
False
Does 91 divide 40715269?
False
Is 307254420 a multiple of 319?
True
Is 28 a factor of 4288480?
True
Does 1107 divide 49298188?
False
Is 159810 a multiple of 35?
True
Does 1297 divide 45558103?
False
Does 414 divide 1190714757?
False
Is 170 a factor of 19934302?
False
Is 3243318 a multiple of 13?
True
Does 14 divide 89768344?
False
Does 12 divide 8737735?
False
Is 7 a factor of 218814506?
False
Is 1339 a factor of 61081106?
False
Is 3689 a factor of 142099397?
False
Does 13 divide 42846141?
True
Does 4909 divide 687981421?
False
Is 488 a factor of 318231006?
False
Is 333 a factor of 11262060?
True
Does 18 divide 697222998?
True
Does 107 divide 141467460?
False
Is 2815 a factor of 4765795?
True
Is 352 a factor of 11751146?
False
Does 18 divide 43047486?
True
Is 14 a factor of 2070477811?
False
Does 6 divide 13036586?
False
Is 38488227 a multiple of 534?
False
Does 48 divide 984396533?
False
Does 7899 divide 3013156036?
False
Is 59 a factor of 1324255?
True
Is 199617713 a multiple of 101?
True
Is 38157460 a multiple of 1265?
True
Does 5 divide 325944585?
True
Does 126 divide 20250720?
True
Is 40 a factor of 120926000?
True
Is 8074 a factor of 2905873156?
False
Is 485 a factor of 33058907?
False
Is 48 a factor of 7136592?
True
Is 12 a factor of 1264608120?
True
Does 168 divide 358093344?
True
Is 4338 a factor of 347499020?
False
Does 216 divide 1437198159?
False
Is 29 a factor of 245413861?
False
Is 518 a factor of 349718376?
True
Does 654 divide 93452676?
True
Is 36967840 a multiple of 208?
True
Is 263 a factor of 62944284?
False
Is 41 a factor of 155007798?
True
Is 188 a factor of 97189219?
False
Is 361 a factor of 4454740?
True
Is 42 a factor of 149976855?
False
Is 15599040 a multiple of 96?
True
Does 142 divide 37815681?
False
Does 561 divide 3795647?
False
Is 52034957 a multiple of 617?
False
Does 18 divide 67879116?
True
Does 9 divide 436525596?
True
Is 1321 a factor of 28706495?
False
Does 4 divide 45459742?
False
Does 13 divide 2591221059?
False
Is 27 a factor of 9887937?
False
Does 3 divide 36807408?
True
Is 20107680 a multiple of 5140?
True
Does 21 divide 704406462?
False
Is 967 a factor of 229199470?
False
Is 109323566 a multiple of 11?
True
Is 142336105 a multiple of 20?
False
Is 32356714 a multiple of 457?
False
Does 237 divide 248628642?
True
Does 1517 divide 410539642?
True
Is 48469313 a multiple of 90?
False
Is 1585 a factor of 32202445?
True
Is 860 a factor of 2577648669?
False
Does 16 divide 66513424?
True
Is 70267982 a multiple of 9?
False
Is 325550992 a multiple of 208?
True
Is 271040450 a multiple of 71?
False
Is 32 a factor of 878264157?
False
Is 27247496 a multiple of 24?
False
Is 78092788 a multiple of 844?
True
Does 86 divide 10474621?
False
Is 201972572 a multiple of 415?
False
Is 19 a factor of 283812558?
False
Does 463 divide 2482764809?
True
Does 5009 divide 194801180?
False
Is 83 a factor of 7607455?
False
Does 96 divide 809192257?
False
Does 64 divide 568408768?
True
Is 186711280 a multiple of 1624?
True
Is 17 a factor of 88380909?
True
Is 19 a factor of 524184046?
True
Is 6894126 a multiple of 9?
True
Is 16 a factor of 102225168?
True
Does 43 divide 51747275?
True
Is 330 a factor of 487929702?
False
Does 240 divide 75846960?
True
Does 11 divide 15700718?
True
Does 464 divide 31158064?
True
Is 19 a factor of 2676448?
False
Does 20 divide 31918120?
True
Is 154 a factor of 201658380?
True
Is 563 a factor of 408397539?
False
Does 12 divide 2049936?
True
Does 166 divide 614671274?
True
Is 81871984 a multiple of 16?
True
Is 10 a factor of 7704653?
False
Is 479 a factor of 27412691?
True
Does 23 divide 1298251760?
False
Is 86612750 a multiple of 25?
True
Is 22 a factor of 12369880?
False
Is 1268 a factor of 546504196?
True
Is 41149906 a multiple of 394?
False
Does 1326 divide 113583834?
True
Is 1809358578 a multiple of 924?
False
Does 22 divide 483733844?
True
Does 503 divide 732683903?
False
Is 62 a factor of 3520692444?
True
Is 132871657 a multiple of 105?
False
Is 272132620 a multiple of 203?
False
Is 15306255 a multiple of 334?
False
Is 922 a factor of 17246638?
False
Is 544762489 a multiple of 109?
True
Does 166 divide 88185840?
True
Does 831 divide 96529920?
False
Is 17 a factor of 162267465?
True
Is 11894650 a multiple of 466?
True
Is 1047234 a multiple of 102?
True
Does 28 divide 15184792?
True
Is 41618399 a multiple of 31?
True
Is 357 a factor of 24197186?
False
Is 4094755 a multiple of 7?
True
Does 49 divide 73814776?
True
Does 1053 divide 3871970109?
False
Is 739813510 a multiple of 78?
False
Does 1255 divide 76768350?
True
Is 83 a factor of 3417622765?
False
Does 16 divide 1374296320?
True
Is 130023010 a multiple of 26?
True
Is 33199511 a multiple of 613?
False
Is 25 a factor of 324444569?
False
Does 38 divide 70500488?
True
Is 6170227332 a multiple of 642?
True
Is 6 a factor of 48138768?
True
Is 63121825 a multiple of 65?
True
Does 64 divide 10680500?
False
Does 68 divide 1995006409?
False
Is 13832652 a multiple of 29?
True
Is 152 a factor of 40798875?
False
Is 35946592 a multiple of 2594?
False
Does 10 divide 26274140?
True
Does 159 divide 121612170?
False
Is 5 a factor of 284525096?
False
Is 2701 a factor of 280628498?
True